is the highest common divisor of b and o?
69
Suppose 0 = -5*z + 3*i - 29, 13 = -3*z + 5*i - 14. Let x be (-84)/(-3) + 8/z + -2. Calculate the highest common divisor of x and 16.
8
Let i = 956 + -446. Calculate the highest common divisor of i and 30.
30
Suppose -80 = 7*c + 88. Let z be ((-42)/c)/((-2)/64). Let j = z - -119. Calculate the highest common divisor of j and 42.
21
Suppose 5 = 11*c + 5. Suppose 3*b + 4*b + 1288 = c. Let i be 46/b + ((-27)/4)/(-3). Calculate the greatest common divisor of i and 22.
2
Suppose 226*y = 252*y - 679224. What is the greatest common divisor of 42 and y?
42
Let p = 12614 + -12607. Let z(u) = 2*u**3 - 2*u**2 + 2*u + 2. Let m be z(2). What is the greatest common factor of m and p?
7
Let h(i) = 11*i**2 - 18*i - 4. Let b be h(-7). Let r = b + 489. What is the highest common factor of r and 50?
50
Suppose -25*g + 31*g = 684. Let k = g + -96. What is the highest common factor of 108 and k?
18
Suppose -4*y = -2*o + y, -3*o + 13 = -y. Suppose -o*i = 9 - 24. Calculate the highest common divisor of i and 57.
3
Let z(g) = g**3 + 65*g**2 - 93*g - 54. Let p be z(-66). What is the highest common divisor of 160 and p?
32
Let q(s) = 14*s + 291. Let o be q(-17). Calculate the highest common divisor of 848 and o.
53
Let v = -13773 + 15744. What is the greatest common factor of v and 783?
27
Let y = 500 + -224. Let t = 369 - y. Let z(k) = -8*k + 6. Let v be z(-7). What is the highest common divisor of v and t?
31
Let y = -1415 + 1735. Calculate the highest common factor of 460 and y.
20
Let u = 5773 + -5684. Calculate the greatest common divisor of u and 6.
1
Suppose -2*g - 212 = -6*g. Let b = 452 - 840. Let i = 653 + b. What is the greatest common factor of g and i?
53
Let u = -9677 - -17443. What is the highest common divisor of 22 and u?
22
Suppose -51269 - 18027 = -53*y + 37552. What is the highest common factor of 378 and y?
126
Suppose 3*v + 382 = 5*v + c, 9*c - 350 = -2*v. Calculate the highest common divisor of 19493 and v.
193
Suppose -148 = -s - 2*s + 4*y, 3*s = -y + 143. Let p be (2/(-4))/(2/(-4))*16. What is the highest common divisor of s and p?
16
Let b(h) = 2*h - 20*h + 16 + 12*h + 12. Let f be b(3). What is the greatest common divisor of f and 45?
5
Let h = 32505 - 32497. Calculate the greatest common divisor of 1944 and h.
8
Let c(w) = -3*w**3 + 5*w**2 + 3*w + 1. Let b be c(2). Let k = -8 - -20. What is the greatest common divisor of b and k?
3
Let t = -1423 + 1439. Let y(n) = 7*n - 28. Let h be y(20). What is the highest common divisor of h and t?
16
Suppose 19*h = 44 + 146. What is the greatest common divisor of h and 7070?
10
Suppose -2*v + v + 11 = 0. Let t = -58002 - -58211. What is the highest common factor of v and t?
11
Suppose g - 10 - 7 = 0. Suppose -103*c = -90*c - 1105. Calculate the greatest common factor of g and c.
17
Let d(u) = -2*u + 4. Let r(y) = y - 5. Let q(j) = -6*d(j) - 4*r(j). Let l be q(6). Let x = -13 + l. Calculate the highest common factor of x and 31.
31
Let x = 1980 - 733. What is the highest common divisor of 116 and x?
29
Suppose 0*h + 4*h - 36 = 0. Let g(q) = -3*q + 31. Let j be g(9). Suppose 2*f - 160 = -j*x - 3*f, 5*f = -20. What is the greatest common divisor of x and h?
9
Suppose -99*x + 30281 = -28921. Calculate the greatest common divisor of 13 and x.
13
Suppose 3764 = 9*z + 15521 - 64695. What is the highest common factor of z and 17?
17
Suppose 2*y - 6*y + 76 = 0. Let g = -1457 - -1454. Let q = y + g. What is the greatest common divisor of 80 and q?
16
Let n = -65 + 6. Let t be (-4)/(28/(-49)) - n. Calculate the greatest common divisor of 88 and t.
22
Suppose 5*r - 50 = 5*g - 5, 2*r = -3*g - 7. Suppose 0 = -r*s + 464 - 104. Let z = s - 80. Calculate the greatest common factor of 160 and z.
10
Let a(o) = -34*o - 3. Let t be a(-3). Let x(n) = -214*n - 4044. Let c be x(-19). What is the greatest common divisor of c and t?
11
Let a = 0 + 9. Let y be ((-344)/16 + 19)*(-36)/10. Calculate the highest common divisor of y and a.
9
Let w = -835 - -829. Let c be (240/(-36))/(4/w). What is the greatest common factor of c and 160?
10
Let z(w) = -w**2 - w + 2. Let h(k) = 5*k**2 + 19*k + 4. Let f(t) = -h(t) - 4*z(t). Let j be f(-14). Calculate the greatest common divisor of j and 18.
2
Let l be (-50 - 2/(-2))*-2*(-2 + 4). What is the greatest common factor of 2156 and l?
196
Let a be ((-7910)/(-55))/1 - (-18)/99. Calculate the greatest common divisor of a and 16.
16
Let q(m) = m**3 + 6*m**2 - 6*m + 14. Let n be q(-7). Let a(y) = -86*y - 429. Let g be a(-8). What is the greatest common factor of n and g?
7
Suppose 21698 = 19*y - 15067. What is the greatest common factor of 45 and y?
45
Let d be 12 + 455/(-39) + 2 + 262/6. Calculate the highest common factor of d and 146.
2
Let m be 49/(-98) - (-1878)/4. Calculate the highest common factor of 14 and m.
7
Suppose 0*k = -n + 5*k + 140, 210 = 2*n + 4*k. Let a = -1358 - -1404. What is the highest common divisor of a and n?
23
Let x(q) = -68*q + q**2 - q**2 + 4*q**2 + q**2 - 15 - q**2. Let n be x(20). What is the highest common factor of 18 and n?
9
Suppose 5*h - 761 = -2131. Let c = h + 301. What is the greatest common factor of 297 and c?
27
Let y = -3853 + 3884. Let z = 264 - 140. Calculate the greatest common factor of z and y.
31
Let v(g) = -14*g + 2. Let m be v(-1). Suppose 6*f = -2*f + m. Suppose -f*o + 239 = 47. Calculate the highest common factor of o and 32.
32
Suppose -123*k + 145*k = 0. Suppose p + 5*l - 484 = k, 2*p - 4*p = 6*l - 948. What is the greatest common divisor of p and 17?
17
Suppose -2*h + 26 = -3*n - 2*n, -5*h + 11 = n. Let p = n + 179. Let s(r) = -19*r - 6. Let l be s(-4). Calculate the highest common divisor of p and l.
35
Suppose 100 = 2*x - 2*v - 336, -2*x + 478 = 4*v. What is the greatest common divisor of x and 9300?
75
Suppose g - 41 = -36. Suppose 3*v - 6 - 7 = -g*t, -3*t = -4*v + 27. Let b = 84 + -36. Calculate the greatest common factor of b and v.
6
Let i(n) = -234*n + 270. Let a be i(1). Calculate the greatest common divisor of a and 675.
9
Let v(r) = 3*r + 29. Let c be v(-11). Let b be 30 + 5/((-10)/c). Suppose -2*u = -p - b, -2*u + 4*p + 48 = u. What is the greatest common divisor of 112 and u?
16
Suppose -4*d + 50*y - 45*y = -1689, 3*d - 1258 = 2*y. What is the greatest common divisor of 403 and d?
13
Let o = -48 - -51. Suppose 4*i - 240 = -k - 0*i, o*k - 756 = -3*i. What is the highest common divisor of 32 and k?
32
Suppose x = 3*k + 290, -2*k - 8*x + 3*x = 216. Let s be 2*(-2)/4 - (k + -8). Suppose s - 924 = -3*j. What is the greatest common factor of 39 and j?
39
Suppose 3*j - 3*q + 56 = 11, 3*q - 5 = j. Let n = j + 34. Suppose 219*t - 127 = -244*t + 799. Calculate the highest common divisor of n and t.
2
Suppose -3*z + 66 - 39 = 0. Let f(c) = c**3 + 6*c**2 + c + 5. Let t be f(-6). Let i be (-18 + t + -2)*-3. Calculate the highest common factor of z and i.
9
Suppose -277 - 63 = -29*x + 12*x. What is the greatest common divisor of 9470 and x?
10
Suppose 6*z + 1 = 9*z - x, -5*z + 3*x = 5. Suppose -z*l - 25*l = -15876. What is the greatest common factor of l and 84?
84
Let k be 1/(((-12)/(-81))/4). Let v be 3 + (-42)/9 + 10*(-3303)/(-135). What is the greatest common divisor of k and v?
27
Suppose -n = 49*k - 47*k - 84, 15 = -3*k. What is the greatest common factor of n and 7614?
94
Suppose 11*g - 3*g - 36 - 44 = 0. What is the highest common divisor of g and 2885?
5
Suppose -2*z + 134 = 2*b, 5*z + 39*b - 35*b - 338 = 0. Let x(n) = 29*n + 2. Let a be x(-2). Let s = a + z. Calculate the highest common factor of 56 and s.
14
Suppose -3*v + 132 = -3*k, 2*v - k = -v + 142. Let s(w) = -260*w - 1247. Let x be s(-8). Calculate the greatest common factor of v and x.
49
Let s be 442*(-10 - (-368)/23). Calculate the greatest common factor of 96 and s.
12
Suppose 3*x - 11 - 3 = -s, -8 = -4*s. Suppose -12*f = -x*f - 320. Suppose -5*q - 80 = -2*z, -q + f = 4*z - 164. What is the highest common divisor of 5 and z?
5
Let x(c) = -11*c**3 - c. Let m be x(-1). Let z be 6*((-1)/5)/(m/(-40)). Let k be ((-104)/6)/(z/(-4))*12. What is the greatest common divisor of k and 26?
26
Let v = -289 + 305. Let f(i) = i**3 - 15*i**2 - 12*i + 6. Let n be f(v). What is the highest common factor of n and 560?
70
Let g(m) = 175*m + 5.